 -7 = 2*y + i - 0*i, 0 = -y - i - 2. Let k be m(y). Let z be (-70)/k*(-108)/(-10). What is the greatest common factor of z and 4?
4
Let s(z) = -z**2 - 13*z + 20. Let g be s(-15). Let j be 2/g + (-755)/(-25). Calculate the highest common divisor of 6 and j.
6
Suppose -2*i = 3*i + 35. Let d = 9 + i. Let x be (-278)/(-5) + d/5. Calculate the highest common factor of 8 and x.
8
Suppose -5*v - 90 = 4*q - 9*q, -4*v - 20 = 0. Calculate the highest common divisor of 169 and q.
13
Let g be (-99 + (-2)/1)/(-1). Suppose -4*k + g = -43. What is the greatest common factor of 18 and k?
18
Let v(c) = -c**3 + 9*c**2 - 13*c + 29. Let k be v(8). Let s(x) = x**2 - 1. Let o be s(-4). Let g = k + o. Calculate the highest common factor of g and 16.
4
Let w be 4 - -3*4/(-6). Let i be -3 + 13 + 6/w. Calculate the greatest common divisor of i and 130.
13
Let c(z) = -z - 10. Let q be c(-14). Suppose 0 = q*m - 9*m + 40. Calculate the greatest common divisor of m and 72.
8
Let x = 468 + -364. Calculate the greatest common divisor of x and 8.
8
Let p = 109 - 33. Let b = -37 + p. Calculate the highest common factor of 39 and b.
39
Let h be 930 - (96/(-256) - (-6)/16). What is the greatest common factor of h and 30?
30
Let z = -227 - -269. What is the highest common factor of 336 and z?
42
Let m(a) = 29*a**2 + 18*a + 51. Let n be m(-3). Calculate the greatest common factor of 172 and n.
86
Suppose 6*d - 5*d - 5*z = 6, d - 18 = 2*z. Suppose 0 = l + 2*a - 28, -l - 3*a - 134 = -5*l. Suppose l = n - 33. Calculate the highest common divisor of d and n.
13
Suppose 5*j = -5*r + 1090, -11*j - 3*r = -7*j - 869. Calculate the greatest common factor of 20 and j.
5
Let h be 11*2*4/8. Suppose -c = -h + 5. Let b be ((-4)/12)/((-2)/24). What is the greatest common divisor of b and c?
2
Suppose 0 = 3*a + 38 - 338. Suppose -2*c = q - 118, -4*c + 8*c + a = q. Let s = -7 - -35. What is the greatest common divisor of q and s?
28
Let l = 747 - 659. What is the greatest common factor of l and 32?
8
Let y(m) = 2*m**2 + 15*m + 12. Let p be y(-10). What is the highest common factor of 93 and p?
31
Let y(a) = a**2 - 77. Let r be y(-10). Suppose 4*h = -2 - 10. Let l(s) = -2*s**3 + 4*s**2 + 2. Let j be l(h). What is the greatest common factor of r and j?
23
Let f(g) = -g + 112. Let m be f(49). What is the greatest common factor of m and 198?
9
Let z(n) = 6*n**2 - 3*n + 1. Suppose -y + 5 = -5*r + y, -4*r - 5*y = 37. Let m be z(r). Let d = m + -32. Calculate the greatest common divisor of d and 4.
4
Suppose 0 = -0*m + 2*m - 8. Calculate the highest common divisor of 24 and m.
4
Let m(h) = -h**3 - 23*h**2 + 4*h - 145. Let f be m(-25). Calculate the highest common divisor of f and 45.
15
Let z(q) = -2*q**3 - 6*q**2 - 6*q + 1. Suppose 2*u + 0*u - 5*a + 32 = 0, -2*u - a = 8. Let r be z(u). What is the greatest common factor of r and 23?
23
Let x be 6 + -8 - -1*77. Suppose h - 37 = x. Calculate the highest common divisor of h and 14.
14
Suppose -18 = -3*m + m. Suppose 84 + 159 = 3*u. What is the greatest common divisor of m and u?
9
Let a(y) = 2*y**2 - 2 - y - y**2 - 1 + 2*y. Let r be a(-3). Suppose 2*d = -4*i + 192, -r*d + d + 192 = 2*i. What is the highest common divisor of d and 12?
12
Suppose -18 + 123 = -7*z. Let l = 0 - 12. Let y = l - z. What is the greatest common divisor of 27 and y?
3
Suppose 4*q + 360 = 8*q. Suppose 2*w + 3*n - 66 = 0, 62 = 2*w + n + 4*n. Calculate the highest common factor of w and q.
18
Let d be 2/4*10*10. Let w(h) = -28*h - 84. Let v be w(-8). Suppose -c - 5*i + v = c, -10 = 5*i. Calculate the highest common factor of d and c.
25
Let i(a) = 14*a**2 - 14*a + 12. Let b be i(3). Calculate the greatest common factor of 32 and b.
32
Suppose 222 = 4*a + 30. Suppose -3*t + 18 + a = 0. Calculate the highest common factor of 2 and t.
2
Let w = 302 + -154. Suppose -3*t + 34 = w. Let m = -31 - t. Calculate the greatest common factor of 77 and m.
7
Suppose 3*u = 3*i + 18, 0*u - i = 5*u - 12. Suppose -u*j + 0*j = -m + 11, 4*j = -4. Calculate the greatest common factor of m and 24.
8
Let n(l) be the third derivative of 23*l**4/24 - 8*l**3/3 + 11*l**2. Let z be n(5). What is the highest common factor of 9 and z?
9
Let y = -14 - -14. Let k be 330/(-35)*(-7 - y). Suppose 2*t = 5*t - 66. What is the greatest common factor of k and t?
22
Let p = -634 - -656. Calculate the greatest common factor of 50 and p.
2
Let n = -6233 - -6506. Let h = -84 + 123. What is the highest common divisor of h and n?
39
Suppose 0 = -3*z + 55 - 13. Let c be ((-6)/(-21))/(3/21). What is the highest common factor of z and c?
2
Let u be -4*(5/2)/(-5). Suppose -10*b - u = -11*b. What is the greatest common divisor of b and 3?
1
Let v = 163 - 161. Suppose 0 = -4*i - 4*u + 112, -i = 2*i + v*u - 83. Let d be 0 + 2 - (0 + -1). What is the greatest common divisor of d and i?
3
Let m = 35 + -21. Suppose -5*o + 125 = 5*c, 2*o - 38 = -2*c + 3*c. Calculate the highest common divisor of o and m.
7
Let o = 85 - 80. Calculate the highest common divisor of o and 10.
5
Let s(i) = -10*i. Let q be s(-7). Suppose 319 = -5*d - 3*k, -3*k + 177 = -3*d - 0*k. Let m = d + 90. Calculate the greatest common divisor of q and m.
14
Suppose 0 = 3*m - 1112 - 220. Let l = m - 48. What is the greatest common factor of 36 and l?
36
Suppose 4*j = -3*j + 35. Suppose -4*i + 39 + 71 = -2*z, -140 = -j*i + 5*z. What is the highest common factor of 27 and i?
27
Let y be 1*(11 + 1/1). Let u(a) = 4*a**2 + 23 - 2*a - 3*a**2 + 4*a**3 - 26. Let f be u(3). What is the highest common factor of y and f?
12
Suppose -3*s - 5*d + d + 89 = 0, 3*s + d = 101. Let t be (-6 - -5)*(-5 + 2). Suppose -t*i + 19 - 4 = 0. What is the highest common divisor of s and i?
5
Let c = 228 + -224. What is the greatest common divisor of 52 and c?
4
Suppose -3*v - 3*g = 135, 0*g = g + 5. Let s be (348/145)/((-2)/v + 0). Calculate the highest common factor of s and 72.
24
Suppose -3*j - 34 = -2*o, -3*o + 0*j = j - 73. Let k be (4/(-3))/((-3)/207). Calculate the highest common divisor of o and k.
23
Let w = -109 - -313. Suppose w - 6 = v. Calculate the greatest common divisor of 18 and v.
18
Let p = -42 - -105. Suppose -20 - 214 = -26*j. What is the highest common divisor of j and p?
9
Suppose -3*q = -2*i - 2*q - 79, -2*i = -3*q + 77. Let a = i - -50. Calculate the highest common factor of a and 170.
10
Let w = -1843 - -1969. Calculate the highest common factor of w and 567.
63
Let i(d) = -d**2 + 8*d - 7. Let j be i(7). Let y be (j - -1)*1*0. Suppose y = -0*t + 4*t - 52. Calculate the greatest common divisor of 39 and t.
13
Let y be -6 - (-475 - 49/7). Calculate the greatest common factor of 68 and y.
68
Suppose 2*u - 5 + 0 = -5*a, -u = 5*a. Let p = 34 - 19. Calculate the highest common factor of u and p.
5
Suppose 14*z = 24*z - 2090. Suppose 0 = -4*g - 0*g + 76. Calculate the greatest common factor of z and g.
19
Let m = 264 + -111. What is the greatest common divisor of 17 and m?
17
Let b(n) = -n**2 + 10*n + 6. Let r be b(10). Suppose r*g + 8 = 74. What is the highest common divisor of 88 and g?
11
Let n = -19 - -19. Suppose 5*c - l + n*l - 60 = 0, -4*l = 4*c - 72. Calculate the greatest common factor of c and 52.
13
Suppose -504 = 66*m - 94*m. What is the greatest common factor of 2502 and m?
18
Suppose -3*z + 37 = -w, 4*w - 44 = -4*z - 0*w. Suppose 0 = -3*a - 3 + z, a = h - 14. Suppose -7*y - 680 = -12*y. What is the greatest common factor of y and h?
17
Let d = -17 - -21. Let v(h) = h**2 - 3*h - 3. Let j be v(-3). Let m = j + -7. What is the highest common factor of m and d?
4
Let g be (-28)/(-252) + (-321)/(-27). What is the highest common divisor of g and 756?
12
Let y = 242 - 219. What is the greatest common divisor of 207 and y?
23
Let r be (((-1120)/8)/5)/(-2). Calculate the greatest common divisor of r and 448.
14
Suppose -t = 4*y - 45, 4*t - y - 40 = 3*t. Calculate the greatest common factor of t and 574.
41
Let m be 168/(-252) + 462/18. Suppose 0 = -2*u - 6, 0 = 5*f - f + 4*u - 788. What is the highest common factor of f and m?
25
Suppose 2*r + u = -0*r + 14, r - 7 = 2*u. Suppose -w + 9 = -r. Let g be (15/10)/(6/w). What is the greatest common factor of 6 and g?
2
Suppose 2*j = -2*m - 6, 2*m + j - 6*j - 22 = 0. Let x be m - ((-2876)/18 + 16/(-72)). Calculate the greatest com